 m + 2. Let q be 34/6 + (-4)/(-12). Suppose q*w = 10*w. What is f(w)?
2
Let f(l) = -l**3 - 3*l**2 - 4*l - 4. Let k = 14 - 17. Determine f(k).
8
Let f(d) be the third derivative of -d**4/12 - d**2. Suppose 70*c = 75*c - 15. Give f(c).
-6
Suppose -2*h - 4 = -3*h. Let i(w) = 3*w**3 - 5*w**2 + 5*w + 4. Let g(y) = -9*y**3 + 14*y**2 - 14*y - 11. Let j(p) = h*g(p) + 11*i(p). Calculate j(1).
-3
Let s(i) = i. Let j(a) be the second derivative of a + 0 - a**2 - 1/6*a**3. Let o be j(-4). Calculate s(o).
2
Let i be -2 + ((-12)/(-3) - -1). Let y(k) = k**3 - 2*k**2 - 3*k + 5. Let h(j) = -15 - 8 + 24. Let q(x) = 4*h(x) - y(x). Give q(i).
-1
Let b(q) = 2*q - 2. Let g = 171 + -166. Calculate b(g).
8
Let z be (26/(-6) - -3)*-3. Suppose 2*v = 6*v + z, -1 = 2*o - 5*v. Let k(l) = -2*l - 4. Give k(o).
2
Let a(n) = n + 13. Suppose -5*r - j = 35, -2*j - 3*j + 28 = -4*r. Calculate a(r).
6
Let m be 6/(-21) - (-72)/7. Let x(z) = -4*z**2 + 3*z**2 + 7*z + m - 7. Determine x(4).
15
Let q = 2 + 0. Suppose 0 = -4*k + q + 18. Let u(f) = 78 + 5*f + 4*f**2 - f**3 + 0*f - 36 - 38. Give u(k).
4
Let k(r) = -11*r - 11. Let h(y) = y + 2. Let q(o) = -15*h(o) - 3*k(o). Calculate q(-2).
-33
Let v(k) = 3*k - 2. Let c = -10 - -10. Suppose -4*t - 5*u = -c*u - 17, 0 = 3*t - 3*u - 6. What is v(t)?
7
Suppose 5*k - 4*p = 4, -2*p + 3*p + 4 = 2*k. Let b(y) = -4*y**2 + 5*y**2 - y + k*y**3 + 1 + 0*y. Let t = 6 - 5. Give b(t).
5
Let a(g) = g. Let m(b) = b**2 - 3*b - 10. Let t be m(7). Suppose -5*o + t = 68. Let w be 6/o - 4/10. What is a(w)?
-1
Let q(s) = s**2 + s - 1. Let v(u) = -4*u**2 - 10*u - 4. Let y(d) = -3*q(d) - v(d). Determine y(-6).
1
Suppose 3*o + 12 = 4*b, o + b - 9 = -2*b. Let a(h) = -3*h**2 - 3. Let c(u) = 8*u**2 + 9. Let m(z) = -11*a(z) - 4*c(z). Calculate m(o).
-3
Let l(b) = -b**3 + 8*b**2 + 2*b - 3. Let c(r) = r**3 - 9*r**2 - r + 3. Let d(w) = -3*c(w) - 4*l(w). Calculate d(6).
9
Let u be (0 + (-2 - 1))*-1. Suppose 3 = y - u*s - 2, 3*y + 3*s - 3 = 0. Let p(i) = -3*i - i**2 + 0*i - y*i - 6. Calculate p(-4).
-2
Let r(c) = c**3 - c**2 + 1. Let y(q) = -4*q**3 - 3*q**2 + 5*q + 3. Let l(h) = 5*r(h) + y(h). Calculate l(7).
-6
Suppose -y = 2*u - 10, 3*u + y = 3 + 12. Let t(v) = v - 9. Let i = 8 + -4. Let a(h) = h - 9. Let m(q) = i*t(q) - 3*a(q). Determine m(u).
-4
Let j be (-42)/3*2/(-4). Let k(c) = 0 + c - 6*c**2 + j*c**2 - 1. Let n = 6 - 8. Determine k(n).
1
Let c(b) = -b**2 + b + 1. Let f(m) = m**2 - 3. Let w be f(2). Let h be w/2*0/1. Calculate c(h).
1
Let t(k) = -3*k**2 - 9*k. Let u(p) = -7*p**2 - 19*p. Let j(v) = 9*t(v) - 4*u(v). Determine j(5).
0
Suppose 0 = b - 8. Let i = 12 - 4. Suppose c + 5*q - i = b, 2*q = -3*c + 22. Let k(a) = -a**3 + 5*a**2 + 4*a + 8. What is k(c)?
-4
Let f(a) = 11*a**2 + 15*a + 3. Let q(m) = 7*m**2 + 10*m + 2. Let z(b) = -5*f(b) + 8*q(b). Let n = 24 - 14. Let i = n - 15. What is z(i)?
1
Let k(i) be the third derivative of i**4/12 + 85*i**2. Let o be (-12)/2 + (1 - -1). Calculate k(o).
-8
Let a = -4 + 8. Let l = a + -3. Let s = l - 5. Let w(k) = -k + 4. Calculate w(s).
8
Suppose 0 = -15*r - 1 - 14. Let y(m) = 8*m. Give y(r).
-8
Let f(p) = -3*p - 8. Let g(i) = 2*i - i - 1 + 4. Let t(j) = -4*f(j) - 11*g(j). Suppose -37*q - 12 = -41*q. Determine t(q).
2
Let l(m) = -m**2 + 2*m + 16. Let p be l(5). Let y(x) = -x**2. What is y(p)?
-1
Let c(i) = i - 9. Suppose 5*h - 34 = 6. What is c(h)?
-1
Let g(v) = 4*v**2 - 5*v + 9. Let c(r) = -3*r**2 + 5*r - 9. Let y(w) = 3*c(w) + 2*g(w). Let z be y(4). Let d(t) = -t**3 - 6*t**2 - 7*t + 2. Give d(z).
12
Let n(s) = -4*s. Let u be n(-1). Suppose 4*j - u*t = -0*t + 4, 5*j + 4*t = -4. Let l(f) = 5 - f**2 - 4 + j*f**2. Determine l(-3).
-8
Let t(q) = 5*q**2 + q - 5. Let s(j) be the third derivative of j**5/15 + j**4/12 - 2*j**3/3 - 4*j**2. Let p(y) = -4*s(y) + 3*t(y). Calculate p(-4).
5
Let v = 8 - 10. Suppose -2*o - 8 = 2*o, -5*h - o + 8 = 0. Let f(s) = h - 2*s + 2*s**2 + 4*s + s. Give f(v).
4
Suppose -19 = y + 4*j - 3, -4*j = -3*y + 16. Suppose -i + n = y, 2*n + 2*n + 25 = -i. Let x(h) = h**2 + 6*h + 7. Calculate x(i).
2
Let z(b) be the second derivative of 1/20*b**5 - b - 1/2*b**4 + 3*b**2 - 1/6*b**3 + 0. Determine z(6).
0
Let g(u) = -9*u**2 - 13*u - 6. Let j(s) = 7*s**2 + 12*s + 7. Let n(o) = -3*g(o) - 4*j(o). Determine n(-8).
-2
Let y(l) = -2 + 3 - 3*l + 2*l. Suppose 0 = 2*v - 0*v + 4*g - 28, 5*g = -2*v + 33. Let b = v + -5. Determine y(b).
2
Let k(y) be the third derivative of y**6/120 + y**5/15 + y**4/8 - 2*y**3/3 - 2*y**2. Suppose 6 = -4*f + 2*f. Give k(f).
-4
Suppose -5*z + 42 = 12. Suppose -5*b = -6*b + z. Let s(y) = -y**2 + 6*y + 8. Give s(b).
8
Let j be (-114)/399 - 94/14. Let q(n) = 2*n - 1 + n**3 - 10*n + 0*n**3 + 6*n**2. Determine q(j).
6
Let i(c) = 3*c - 2. Let j(t) = 15*t - 9. Let l(z) = 24*i(z) - 5*j(z). Determine l(-3).
6
Let z(a) = a - 5. Let v be z(5). Let d(n) = -2 - n**2 - n**3 + 146*n - 300*n + 153*n. Determine d(v).
-2
Let d(m) = -m - 1. Let r = -1 + 2. Let w(f) = 3*f + 2. Let p(k) = r*w(k) + 4*d(k). Give p(-2).
0
Let q(k) = -2*k**3 - 27*k**2 + 13*k - 12. Let c be q(-14). Let y(p) = -2*p - 1. Calculate y(c).
-5
Let s(j) = -8*j. Suppose 8*v - 3 = 13. What is s(v)?
-16
Let y(c) = -c**3 + 8*c**2 - 8*c + 8. Let g be (0 - (-7 - -2)) + 2. Calculate y(g).
1
Let g(p) = p**2 - 3*p - 4. Let d(a) = -3*a**3 - 6*a - 3 + 2*a**3 - a**2 + 0*a**2 - 4*a**2. Let z be d(-4). Determine g(z).
6
Let d(x) = 7 - x**3 + x + x**2 + 0*x + 0*x**3. Let z = 2 + -2. Give d(z).
7
Let t(v) be the third derivative of -v**4/8 + v**3/3 - 2*v**2. Suppose -6*x - 12 = -2*x. What is t(x)?
11
Let y(r) = r**2 - 6*r + 4. Let z be y(4). Let h be -3 - (0/z - 3). Let k(q) = 5 - q + q - q**2. Calculate k(h).
5
Let d = 8 - 9. Let g be (-4 + d)*(-10)/50. Let x(k) = -8*k. Calculate x(g).
-8
Suppose 0*x = 4*y - 5*x - 8, -x = 0. Let q(f) = -6*f + f + 4 + 2*f - 1. Determine q(y).
-3
Let b(a) = -3 + 5 - 1 - a. Suppose x + g = 0, 0 = 5*x + 4*g + 1 - 5. Suppose d + x*u + 4 = -3*d, 5*u + 14 = 4*d. Determine b(d).
0
Let i be ((-1)/(-3))/(3/18). Suppose 0*x = -4*b - x - 10, i*b - 4 = 4*x. Let d be (-4)/(2 + -4) + b. Let z(p) = p**2 + p - 2. Calculate z(d).
-2
Suppose -4*u - 3*r = -3*u + 3, -r = -2*u + 1. Let a(d) be the third derivative of 0*d + u + 0*d**3 - 1/6*d**4 - 3*d**2. Give a(3).
-12
Let w = 40 - 43. Let a(m) = m**2 + 8*m + 4. Calculate a(w).
-11
Suppose 0*c = -5*c - 20. Let h(x) = x**2 + 4*x + 5. Calculate h(c).
5
Suppose -2*a + 6*a - 20 = -3*y, -3*a = 12. Suppose -2*n + 7 = 3. Suppose -3*s = -n*c + 12, -c - y = 3*s + 3*c. Let w(g) = g**3 + 5*g**2 + 5*g + 4. Give w(s).
0
Let a be ((-14)/(-21))/((-2)/(-6)). Let g(m) be the second derivative of m**a - 2*m - 1/3*m**3 + 0 - 1/4*m**4. What is g(-2)?
-6
Let x(d) = -d. Let r(j) = 4*j + 12. Let u be r(-4). Determine x(u).
4
Let n(j) = j**2 + 3*j - 6. Let x be n(-5). Let p be x/6 - (-7)/3. Let i = p + -3. Let t(w) = -w**2 + w + 7. Give t(i).
7
Let y(x) = x - 4. Let j(h) = -h + 19. Let o be j(9). Let s = o + -10. What is y(s)?
-4
Let w(l) be the second derivative of l**5/20 + l**4/3 - l**3/2 - 3*l**2 + 18*l. Let g(y) = -y**2 + 2*y + 4. Let d be g(4). Determine w(d).
6
Suppose 3 = 5*t - 0*t + 4*b, 5*t = 2*b + 21. Let g(h) = h - 4. Give g(t).
-1
Let d be (1 - 2)/((-2)/6). Let w be (-1 - 0 - 0) + 2. Let z(r) = -5*r - w - 1 + 5*r + r. Calculate z(d).
1
Suppose -26 = -4*c + 2*b, 11 = -4*c + 3*b + 36. Let i(m) = 5*m + 6. Let r(q) = -6*q - 7. Let l(n) = c*i(n) + 6*r(n). Give l(-1).
1
Suppose -2*j + 0 = -10. Suppose 2*a + v - 10 = j*a, 3*a = 2*v - 8. Let c(y) = -2*y - 6. Let z be c(a). Let g(q) = 3*q**2 - 2*q - 2. Determine g(z).
6
Let j(v) = 9*v - 15. Let f(n) = 4*n - 7. Let w(k) = 13*f(k) - 6*j(k). Give w(-2).
3
Let y be (0 - -4) + (-9)/(-3). Let x(s) = s**3 - 6*s**2 - 8*s. What is x(y)?
-7
Let p(k) = -k + 9. Let v be p(7). Suppose 3 = -v*s - 1. Let d(n) = -n**3 - 3*n**2 - 2*n - 2. What is d(s)?
-2
Suppose -1 = -l - 4*o + 3*o, -5 = -2*l - 3*o. Let g(p) = p**3 + 2*p**2 - 2*p - 2. Calculate g(l).
2
Let p(w) = -w**3 - 7*w**2 + 16*w - 15. Let r be p(-9). Let g(l) = l**3 - 3*l**2 + 2*l - 2. What is g(r)?
4
Let x(s) = -s**3 + 5*s**2 - 2*s - 5. Let o = 6 - 10. Let m = o - -1. Let r be 1/((-22)/8 - m). Calculate x(r).
3
Let j(x) = -15*x - 3. Let i(o) = 10*o + 2. Let u(n) = 7*i(n) + 5*j(n). Calculate u(-1).
4
Suppose -13 - 7 = -5